mainder when 32770 is divided by 16150?
470
What is the remainder when 561881 is divided by 280207?
1467
Calculate the remainder when 4741885 is divided by 2370872.
141
Calculate the remainder when 56510814 is divided by 914.
22
Calculate the remainder when 5826534 is divided by 9443.
203
What is the remainder when 3607235 is divided by 4481?
30
What is the remainder when 249403 is divided by 62334?
67
Calculate the remainder when 278799 is divided by 1003.
968
What is the remainder when 1134274 is divided by 1133931?
343
Calculate the remainder when 2700057 is divided by 64287.
3
Calculate the remainder when 1162502 is divided by 64.
6
What is the remainder when 86869708 is divided by 30?
28
Calculate the remainder when 222495724 is divided by 28.
24
Calculate the remainder when 11302604 is divided by 869431.
1
What is the remainder when 4350943 is divided by 796?
7
What is the remainder when 6061988 is divided by 72?
20
Calculate the remainder when 114496216 is divided by 19.
12
Calculate the remainder when 13980632 is divided by 8302.
64
Calculate the remainder when 57304 is divided by 18705.
1189
What is the remainder when 29820 is divided by 4786?
1104
What is the remainder when 71441 is divided by 17616?
977
What is the remainder when 443430925 is divided by 562?
561
What is the remainder when 19090 is divided by 1952?
1522
Calculate the remainder when 8005667 is divided by 1740.
1667
What is the remainder when 91693492 is divided by 13?
7
Calculate the remainder when 4061340 is divided by 1015335.
0
Calculate the remainder when 4701532 is divided by 206.
200
What is the remainder when 11673477 is divided by 269?
222
Calculate the remainder when 3556979 is divided by 875.
104
What is the remainder when 104345 is divided by 12?
5
What is the remainder when 15099003 is divided by 15098990?
13
Calculate the remainder when 9387863 is divided by 960.
23
What is the remainder when 356240 is divided by 824?
272
What is the remainder when 5267745 is divided by 248?
225
What is the remainder when 496301 is divided by 5478?
3281
Calculate the remainder when 162060 is divided by 13329.
2112
What is the remainder when 5729846 is divided by 1575?
1571
Calculate the remainder when 370739 is divided by 41173.
182
What is the remainder when 35870 is divided by 66?
32
Calculate the remainder when 10863428 is divided by 10929.
2
What is the remainder when 2872243 is divided by 63827?
28
Calculate the remainder when 719378 is divided by 377.
62
Calculate the remainder when 1336260 is divided by 1010.
30
What is the remainder when 3181968 is divided by 530324?
24
Calculate the remainder when 184931 is divided by 2126.
2095
Calculate the remainder when 749124 is divided by 346.
34
What is the remainder when 10608243 is divided by 5304116?
11
What is the remainder when 563636 is divided by 80295?
1571
Calculate the remainder when 5059169 is divided by 670.
669
Calculate the remainder when 26905328 is divided by 33.
32
What is the remainder when 2613398 is divided by 1432?
1430
What is the remainder when 1637650 is divided by 818700?
250
Calculate the remainder when 50860 is divided by 4547.
843
What is the remainder when 111137 is divided by 110997?
140
Calculate the remainder when 116290056 is divided by 29072513.
4
What is the remainder when 954279 is divided by 2909?
127
Calculate the remainder when 1053502 is divided by 24.
22
What is the remainder when 372165 is divided by 175?
115
Calculate the remainder when 1917508 is divided by 21301.
418
What is the remainder when 568702 is divided by 77?
57
What is the remainder when 5284770 is divided by 5284759?
11
Calculate the remainder when 1334386 is divided by 111065.
1606
What is the remainder when 4408275 is divided by 3558?
3471
What is the remainder when 2701801 is divided by 2804?
1549
What is the remainder when 334625 is divided by 1166?
1149
What is the remainder when 221453 is divided by 118?
85
What is the remainder when 78506421 is divided by 2?
1
What is the remainder when 81462 is divided by 4816?
4406
What is the remainder when 100290 is divided by 194?
186
Calculate the remainder when 3234450 is divided by 3020.
30
Calculate the remainder when 10677342 is divided by 41.
40
What is the remainder when 85741215 is divided by 3082?
3057
Calculate the remainder when 1020117 is divided by 980.
917
Calculate the remainder when 457027 is divided by 7141.
3
Calculate the remainder when 10553807 is divided by 200.
7
What is the remainder when 719673 is divided by 114?
105
Calculate the remainder when 33332916 is divided by 822.
816
Calculate the remainder when 789432 is divided by 1029.
189
Calculate the remainder when 550970 is divided by 775.
720
Calculate the remainder when 37156073 is divided by 25.
23
Calculate the remainder when 11672108 is divided by 3890699.
11
Calculate the remainder when 9838617 is divided by 2459652.
9
Calculate the remainder when 21671716 is divided by 2167171.
6
What is the remainder when 763088 is divided by 902?
898
Calculate the remainder when 141601 is divided by 2047.
358
What is the remainder when 274228 is divided by 33?
31
What is the remainder when 3603805 is divided by 447?
91
Calculate the remainder when 403464 is divided by 678.
54
What is the remainder when 1777792 is divided by 372?
4
What is the remainder when 39083431 is divided by 111?
109
Calculate the remainder when 18475144 is divided by 2309379.
112
What is the remainder when 210398 is divided by 1651?
721
Calculate the remainder when 317270 is divided by 308.
30
What is the remainder when 3423899 is divided by 352?
347
Calculate the remainder when 36809 is divided by 2163.
38
What is the remainder when 111352724 is divided by 9?
8
What is the remainder when 27640078 is divided by 4?
2
Calculate the remainder when 51437 is divided by 1125.
812
Calculate the remainder when 521735 is divided by 260854.
27
What is the remainder when 301205 is divided by 33450?
155
Calculate the remainder when 215981 is divided by 287.
157
What is the remainder when 7038596 is divided by 1204?
12
Calculate the remainder when 213764 is divided by 53434.
28
What is the remainder when 55660 is divided by 353?
239
What is the remainder when 85654 is divided by 333?
73
What is the remainder when 4676365 is divided by 1324?
1321
Calculate the remainder when 2141909 is divided by 603.
53
Calculate the remainder when 16601586 is divided by 14.
8
Calculate the remainder when 1849091 is divided by 7802.
17
What is the remainder when 5827973 is divided by 715?
8
Calculate the remainder when 1984614 is divided by 13.
8
What is the remainder when 738616 is divided by 37?
22
What is the remainder when 398139 is divided by 285?
279
Calculate the remainder when 31175 is divided by 479.
40
Calculate the remainder when 247453 is divided by 585.
583
Calculate the remainder when 582540 is divided by 582501.
39
Calculate the remainder when 77121 is divided by 6425.
21
Calculate the remainder when 22546620 is divided by 805236.
12
Calculate the remainder when 380939 is divided by 892.
55
What is the remainder when 4512522 is divided by 1504173?
3
What is the remainder when 39239311 is divided by 312?
7
What is the remainder when 55666816 is divided by 3976201?
2
Calculate the remainder when 606385 is divided by 256.
177
What is the remainder when 1828120 is divided by 49?
28
Calculate the remainder when 2723015 is divided by 2052.
11
Calculate the remainder when 15410972 is divided by 50861.
89
Calculate the remainder when 13727373 is divided by 4575785.
18
Calculate the remainder when 33485111 is divided by 34.
7
What is the remainder when 222357 is divided by 38?
19
What is the remainder when 5222787 is divided by 46632?
3
Calculate the remainder when 49405 is divided by 12127.
897
What is the remainder when 33582795 is divided by 5165?
5130
What is the remainder when 516002 is divided by 688?
2
Calculate the remainder when 247309 is divided by 30912.
13
Calculate the remainder when 259215648 is divided by 19.
16
What is the remainder when 778848 is divided by 1010?
138
What is the remainder when 63882 is divided by 2128?
42
What is the remainder when 539 is divided by 154?
77
What is the remainder when 32505022 is divided by 808?
798
Calc